4)?
87
Let y(h) = h**3 + 108*h**2 - 116*h - 783. Determine y(-109).
-20
Let m(d) = 3*d**2 + 9*d - 39. Calculate m(-8).
81
Let r(i) = 94*i - 210. Calculate r(2).
-22
Let u(n) = 173*n**2 + 30*n + 30. Calculate u(-1).
173
Let x(z) = -z**2 - 29*z + 6. Determine x(-15).
216
Let j(y) = -30*y - 145. Determine j(-8).
95
Let o(y) = -y**3 - 86*y**2 - 245*y + 343. Determine o(-83).
11
Let r(b) = 22*b + 175. What is r(-8)?
-1
Let k(n) = -n**3 + 13*n**2 - 23*n + 23. Calculate k(10).
93
Let x(b) = 3*b**3 - 28*b**2 - 21*b + 19. Determine x(10).
9
Let h(a) = a**3 - 8*a**2 + 9*a - 42. Determine h(7).
-28
Let k(d) = 18*d + 341. What is k(-19)?
-1
Let d(f) = f**3 + 25*f**2 + 754. Give d(-26).
78
Let h(j) = -160*j - 362. Give h(-4).
278
Let h(b) = b**3 - 10*b**2 + 20*b + 32. Calculate h(6).
8
Let u(c) = c**3 + 8*c**2 - 3*c - 16. What is u(-8)?
8
Let v(d) = d**3 + 11*d**2 + 84*d + 585. Calculate v(-9).
-9
Let c(u) = -u**2 - 2*u - 16. Calculate c(12).
-184
Let z(f) = 902*f - 22496. Give z(25).
54
Let w(b) = -7*b**3 + 194*b**2 - 989*b + 48. What is w(21)?
6
Let r(c) = 175*c**2 + 99*c - 99. Calculate r(1).
175
Let c(h) = 35*h - 67. Give c(2).
3
Let n(m) = m**2 + 25*m - 342. Calculate n(10).
8
Let i(k) = 17*k + 2. Calculate i(-5).
-83
Let v(a) = 1740*a - 8685. What is v(5)?
15
Let s(m) = -79*m + 6081. Calculate s(77).
-2
Let v(x) = -519*x + 2600. Give v(5).
5
Let w(v) = -v**3 - 2*v**2 + 40*v + 83. What is w(-2)?
3
Let h(j) = 1348*j + 45832. Give h(-34).
0
Let p(t) = 2*t**3 - 120*t**2 + 239*t - 307. Give p(58).
99
Let p(y) = 2*y**2 - 395*y + 15319. Calculate p(53).
2
Let l(k) = -k**2 - 3*k + 5. What is l(-3)?
5
Let y(v) = -2*v**2 - 10*v - 38. What is y(-7)?
-66
Let u(w) = -440*w - 21976. What is u(-50)?
24
Let h(a) = 8*a**2 - 19*a - 280. Determine h(-6).
122
Let r(q) = -72*q**2 - 440*q - 49. What is r(-6)?
-1
Let m(j) = -j**2 - 65*j - 652. Determine m(-53).
-16
Let b(s) = -s**3 - 65*s**2 - 499*s + 279. Determine b(-56).
-1
Let n(j) = 823*j - 20578. Calculate n(25).
-3
Let o(i) = i**3 - 2*i**2 - i + 24. What is o(6)?
162
Let v(j) = 5*j + 102. Determine v(-11).
47
Let w(u) = -91*u - 177. Determine w(-2).
5
Let h(t) = -8*t - 490. What is h(-58)?
-26
Let d(n) = n**2 + 137*n - 866. Determine d(6).
-8
Let z(j) = 5*j + 171. Determine z(-51).
-84
Let k(p) = 16*p + 1139. Determine k(-73).
-29
Let l(c) = c**2 - 8*c + 382. Give l(24).
766
Let n(l) = 6*l**2 - 41*l + 300. Determine n(10).
490
Let q(w) = 64*w - 546. Calculate q(6).
-162
Let r(o) = 77*o**2 + 3*o - 1. Determine r(1).
79
Let y(j) = 2*j**3 - 48*j**2 + 188*j + 10. What is y(5)?
0
Let v(h) = 42*h**3 - 2*h**2 + h + 4. Calculate v(-1).
-41
Let h(z) = -z**2 - 35*z + 69. Calculate h(0).
69
Let v(d) = -9*d - 703. Determine v(-80).
17
Let x(n) = -44*n - 2878. Calculate x(-67).
70
Let q(n) = n**3 - 13*n**2 + 30*n + 14. Give q(4).
-10
Let m(u) = u**3 + 4*u**2 - 10*u - 5. What is m(5)?
170
Let h(s) = 49*s - 328. What is h(6)?
-34
Let u(c) = -c**2 - 35*c - 182. What is u(-6)?
-8
Let p(a) = 12*a + 91. Calculate p(-13).
-65
Let g(c) = -c**2 - 36*c + 117. What is g(3)?
0
Let z(m) = m**2 + 53*m + 219. What is z(-56)?
387
Let m(c) = 528*c**3 + 2*c**2 - 4*c - 5. What is m(-1)?
-527
Let i(b) = -421*b**3 + 2*b**2. Calculate i(-1).
423
Let p(k) = -16*k**2 - 67*k + 145. What is p(2)?
-53
Let d(b) = 98*b + 778. Give d(-8).
-6
Let a(j) = -51*j + 815. Calculate a(16).
-1
Let l(n) = -3*n - 8. Give l(29).
-95
Let i(z) = -z**3 - 31*z**2 - 91*z + 462. Give i(-27).
3
Let n(w) = -2*w**2 - 45*w + 444. Calculate n(-30).
-6
Let p(f) = 11*f**2 - 31*f - 1. Give p(3).
5
Let z(r) = -43*r**2 - 303*r - 2. Calculate z(-7).
12
Let c(d) = -528*d - 3076. Determine c(-6).
92
Let m(t) = 8*t**3 + 8*t**2 - 7*t - 6. Calculate m(-4).
-362
Let k(p) = -23856*p - 95419. What is k(-4)?
5
Let b(f) = -f**2 - 17*f + 279. Give b(-28).
-29
Let z(o) = -o**2 + 106*o - 2837. Give z(54).
-29
Let s(k) = -4*k**3 + 4*k**2 + 17*k - 39. What is s(5)?
-354
Let c(d) = d**3 - 57*d**2 - 66*d + 469. What is c(58)?
5
Let g(d) = d**3 - 46*d**2 + 62*d - 762. Determine g(45).
3
Let z(r) = -25*r - 194. Give z(-6).
-44
Let m(w) = -2*w**2 + 40*w - 111. What is m(16)?
17
Let d(n) = 13*n**2 + 2*n - 2. What is d(-2)?
46
Let p(l) = l**2 + 38*l + 140. Determine p(-34).
4
Let s(z) = -601*z + 5396. What is s(9)?
-13
Let i(p) = -8567*p - 68520. Give i(-8).
16
Let g(a) = -401*a - 30083. Give g(-75).
-8
Let s(k) = k**3 - 22*k**2 - 56*k - 21. What is s(24)?
-213
Let b(i) = i**2 - 41*i + 276. Calculate b(33).
12
Let n(y) = 138*y + 205. Calculate n(-2).
-71
Let s(i) = -6*i**3 + 5*i**2 + 32*i + 14. Determine s(3).
-7
Let q(x) = -2*x**2 - 44*x - 194. Calculate q(-6).
-2
Let c(i) = -15*i**3 - 41*i**2 + 37*i + 5. Determine c(1).
-14
Let t(k) = 4*k**2 - 18*k + 119. What is t(6)?
155
Let g(v) = 9*v**2 + 18*v + 9. Calculate g(-3).
36
Let a(m) = -3*m**3 + 11*m**2 + m - 24. Give a(4).
-36
Let x(m) = -m**2 - 6*m + 68. Calculate x(-11).
13
Let j(v) = 2*v**3 + 12*v**2 + 6*v - 46. Determine j(-4).
-6
Let s(y) = y**2 + 37*y + 119. Give s(-34).
17
Let f(w) = 3*w**3 - 16*w**2 + 4*w - 11. Calculate f(6).
85
Let u(t) = -49*t - 535. Determine u(-7).
-192
Let o(v) = -33*v + 9. Calculate o(7).
-222
Let f(v) = v**2 - 63*v - 498. What is f(70)?
-8
Let i(z) = -z**3 - 43*z**2 - 113*z + 210. What is i(-40)?
-70
Let j(y) = 2*y**3 + 14*y**2 + 10*y - 75. Calculate j(-6).
-63
Let d(x) = 70*x + 38. Calculate d(4).
318
Let d(x) = -11*x**3 + x**2 + 4*x + 11. Give d(3).
-265
Let q(h) = -h**2 - 106*h - 212. Calculate q(-2).
-4
Let k(l) = 2*l**2 + 64*l + 211. Determine k(-28).
-13
Let v(w) = w**3 + 37*w**2 - 113*w - 3. Determine v(3).
18
Let g(w) = 6*w - 223. Give g(39).
11
Let h(x) = -x**3 + 16*x**2 - 35*x + 13. Calculate h(9).
265
Let z(y) = y**2 + 10*y + 66. Give z(0).
66
Let c(t) = 11*t - 121. Give c(11).
0
Let r(q) = -129*q + 565. Give r(8).
-467
Let a(l) = 6066*l - 90992. Calculate a(15).
-2
Let p(q) = q**3 - 58*q**2 - 59*q + 71. What is p(59)?
71
Let r(g) = g**3 - 6*g**2 + 3*g - 39. What is r(9)?
231
Let n(r) = -r**3 - 17*r**2 + 112*r - 23. Calculate n(-22).
-67
Let x(p) = 590*p + 7268. Calculate x(-12).
188
Let c(n) = n**3 - 10*n**2 + 10*n + 67. Give c(8).
19
Let b(r) = r**2 + 694*r + 13459. Give b(-20).
-21
Let c(p) = -34*p - 2572. What is c(-77)?
46
Let j(y) = -90*y + 314. Calculate j(4).
-46
Let y(w) = -50*w - 1198. Determine y(-24).
2
Let p(t) = 42*t - 72. Calculate p(7).
222
Let b(w) = w**2 + 2*w + 70. Give b(-7).
105
Let u(f) = -32*f - 501. Determine u(-14).
-53
Let z(n) = -62*n - 1740. Give z(-28).
-4
Let z(s) = -58*s**3 - 5*s - 4. What is z(-1)?
59
Let s(c) = 4*c**2 - 629*c + 3150. Give s(5).
105
Let z(t) = t**3 + 14*t**2 + 14*t + 27. Calculate z(-13).
14
Let h(r) = -125*r**2 + 4*r + 2. Calculate h(-1).
-127
Let b(c) = 31*c**3 - 2*c**2 + c - 6. Calculate b(2).
236
Let w(o) = -o**2 - 13*o + 128. Determine w(10).
-102
Let x(i) = i**2 + 155*i + 3653. Calculate x(-29).
-1
Let l(g) = 60*g + 952. Give l(-16).
-8
Let p(u) = 40*u + 2504. Determine p(-53).
384
Let o(y) = -17*y + 578. Give o(35).
-17
Let u(b) = -91*b + 500. Give u(6).
-46
Let z(o) = 118*o**2 - 590*o + 3. Give z(5).
3
Let r(q) = -94*q - 379. Give r(-4).
-3
Let d(h) = h**3 - 33*h**2 - 37*h + 2. Give d(34).
-100
Let f(m) = -6*m**2 - 142*m + 52. Determine f(-24).
4
Let g(m) = -156*m + 3265. Determine g(21).
-11
Let x(n) = -34*n + 5. What is x(5)?
-165
Let k(h) = -2*h**3 - 85*h**2 - 609*h - 1063. Calculate k(-34).
-9
Let w(a) = -216*a - 1067. What is w(-5)?
13
Let a(m) = -m**3 + 23*m**2 - 2*m - 840. Give a(21).
0
Let r(a) = a**2 + 23*a - 112. Calculate r(-24).
-88
Let i(k) = 2*k**3 + 4*k**2 - 47*k - 177. What is i(-4)?
-53
Let n(q) = -27*q + 26. Calculate n(-4).
134
Let v(m) = -m**3 - 30*m**2 - 35*m - 105. Give v(-29).
69
Let r(p) = 37*p - 4594. Calculate r(124).
-6
Let a(o) = 6*o**3 + 192*o**2 + 2*o + 40. Determine a(-32).
-24
Let p(z) = 2*z**3 - 8*z**2 + 2*z + 29. Determine p(4).
37
Let o(j) = -8*j**2 - 495*j - 986. Determine o(-2).
-28
Let m(v) = v**2 + 6*v - 321. What is m(-20)?
-41
Let z(o) = -17*o - 267. Calculate z(-16).
5
Let m(q) = 11*q**2 - 172*q - 81. Give m(16).
-17
Let y(k) = -5*k**3 - 210*k**2 - 2*k - 90. Determine y(-42).
-6
Let s(z) = 377*z**2 + 3. Calculate s(-1).
380
Let w(s) = -3*s**2 - 115*s + 346. What is w(3)?
-26
Let k(g) = 124*g - 621. Calculate k(5)